se -o*m + m + 125 = 0. Calculate the greatest common factor of m and 50.
25
Suppose -126*f - 242 = -128*f. Calculate the highest common factor of 11 and f.
11
Suppose -3*c = -3*h - 429, 5*c - 816 + 101 = -4*h. What is the greatest common factor of 33 and c?
11
Suppose -w - 3*w = -5*s + 56, 5*s = 3*w + 52. Let v = -447 + 459. Calculate the highest common divisor of s and v.
4
Let r = -46 - -58. Let o = r - -22. Calculate the highest common factor of 51 and o.
17
Let r = -711 + 746. Let v(t) = -t - 1. Let d be v(-8). What is the greatest common factor of d and r?
7
Let x be ((-2096)/(-56))/((-4)/(-14)). Calculate the highest common divisor of 2 and x.
1
Suppose 3*m + 5*j - 3 = -20, -11 = 5*m + 4*j. Suppose 7*f = 14*f - 21. Calculate the greatest common divisor of f and m.
1
Suppose 102 = 4*l - z, 0*z + 42 = 2*l - 5*z. Suppose 3*p + 2*i - 700 = 0, i = -2*p + 27 + 440. What is the greatest common divisor of l and p?
26
Let b = 16 - 10. Suppose -23 = -b*u + 25. Suppose -3*l - 28 = -3*g - l, 0 = -4*g - 4*l + 64. What is the greatest common factor of u and g?
4
Let t be (-4)/2 + 16/2. Suppose -4*c + 219 = -213. Let k be (-2 + (-30)/(-12))*c. Calculate the greatest common factor of k and t.
6
Let r be 2/(-1*1/(-42)). Let j = 1580 + -1556. Calculate the highest common factor of j and r.
12
Let l be 35/(-14)*(-180)/50. Suppose 243 = -0*g + 3*g. What is the highest common factor of g and l?
9
Let a be 2 + -3 - 2/(-2). Suppose -5*j + 4*t + 250 = 0, 5*j + 2*t = -a*j + 250. Let z = 26 + 99. What is the highest common factor of z and j?
25
Suppose -9*k = -39*k + 600. Calculate the greatest common divisor of 5 and k.
5
Let z be 3/(-4) + 23573/44. Calculate the greatest common factor of 214 and z.
107
Let a = 934 + -906. What is the highest common divisor of 518 and a?
14
Let r be 1 + 3/(-1)*-7. Suppose -5*m + 13 = -5*u - 12, 0 = -m + 3*u + 7. Suppose m*b = 8*b - 44. Calculate the greatest common divisor of r and b.
11
Let p be 31/1 - (36/4 + -6). What is the highest common factor of 532 and p?
28
Let b = -37 - -969. Suppose -n + 180 = -4*q, -5*q - n - 14 = 202. Let d be 4/(-22) - b/q. Calculate the greatest common factor of d and 3.
3
Let r(t) = -20*t - 12. Let g be r(-4). Calculate the highest common factor of g and 68.
68
Suppose -14*u = -504 + 56. Calculate the highest common divisor of u and 2.
2
Suppose 0 = 4*a - 6*a + 24. Suppose -7*x = -5*n + 50, 2*n + 15*x = 10*x - 19. Calculate the greatest common factor of a and n.
3
Suppose 6*z - 1269 - 2565 = 0. Calculate the greatest common divisor of z and 71.
71
Let q = -2 + 7. Suppose 26 = u - q*t, u = -u - t + 96. Calculate the greatest common divisor of 368 and u.
46
Suppose 11 + 1 = -2*n. Let y(z) = z**3 + 9*z**2 + 4*z + 4. Let s be y(n). Calculate the highest common divisor of 8 and s.
8
Let u be 4/(-10)*(-60)/(7 + -1). Calculate the highest common divisor of u and 22.
2
Let g = 194 + -188. What is the highest common factor of g and 168?
6
Let b be 2/(-2) - (35 - 10). Let u = -18 - b. What is the greatest common divisor of 8 and u?
8
Let d(f) = -4*f + 4. Let s be d(-5). Let k = 1374 - 1368. What is the highest common factor of k and s?
6
Suppose -16*j + j = -392 - 268. Let u be (88/(-6))/(1/(-3)). What is the highest common factor of j and u?
44
Let b be (-7 - (-1)/1)*-6. Suppose -200*a + 504 = -172*a. What is the highest common divisor of b and a?
18
Suppose 333 - 73 = m. What is the highest common factor of m and 20?
20
Suppose -k = 5, -2*k - 244 = -4*o + 2*k. Suppose 0 = 66*a - 392 - 136. What is the highest common factor of o and a?
8
Let x(w) = -w**3 - 3*w**2 + 11*w + 17. Let b be x(-5). What is the greatest common divisor of 44 and b?
4
Let u = -11 + 7. Let t(b) = -5*b + 1. Let p be t(u). Let x(r) = 2*r**2 - 3*r - 6. Let f be x(-3). What is the highest common factor of p and f?
21
Let p = -211 + 307. Let f = -191 - -198. Suppose f*u = 21*u - 168. What is the highest common factor of p and u?
12
Let k be (-66*(-4)/6)/((-1)/(-2)). Let u be (8/4 - 1)*152. Let p be (-6)/(-15) + u/20. What is the highest common divisor of p and k?
8
Let r(n) = 19*n**3 + 4*n**2 + 5*n - 4. Let o be r(5). Let s be (-2)/(-11) + o/66. What is the greatest common factor of 57 and s?
19
Let b be 6*(0 - (-20)/24). Suppose -5*a + b*j + 95 = 0, -a = -0*j - 4*j - 16. Calculate the highest common factor of a and 50.
10
Suppose -5*w + 26 = -2*w + l, -52 = -4*w + 3*l. Suppose 0 = -a + 2*m + 50, 48 = 2*a - 3*m - 52. What is the greatest common factor of a and w?
10
Suppose 0 = m + 2*m + k - 19, -k + 26 = 4*m. Let x be ((-4)/m)/(3/(-21)). What is the greatest common divisor of 4 and x?
4
Let r(c) = -c**3 - 6*c**2 + 11*c + 4. Let f be r(-6). Let z = f - -152. What is the highest common factor of 18 and z?
18
Suppose 9*o + 458 - 1367 = 0. Calculate the greatest common divisor of o and 2323.
101
Suppose 14*s - 858 = 8*s. What is the greatest common divisor of 11 and s?
11
Let x be ((-24)/48)/((-2)/112). Calculate the greatest common divisor of 308 and x.
28
Let m(q) = -165*q. Let l(d) = d - 4. Let b be l(-5). Let n = b - -8. Let z be m(n). What is the highest common divisor of z and 15?
15
Suppose 7 = -4*i + 455. Calculate the highest common divisor of i and 56.
56
Let f(r) = r**2 - 5*r - 2. Let h be f(6). Let q(v) = -8*v + 13. Let p be q(5). Let c = p - -43. What is the highest common divisor of c and h?
4
Suppose -12*b = -2160 - 2448. Calculate the highest common divisor of b and 12.
12
Suppose -4*m - 28 = -6*m. Suppose y - 5*v = 3*y - 11, 2*v = -2*y + 2. Let q = y + m. What is the highest common factor of 96 and q?
12
Let t = 105 - -18. Let o = t - 79. What is the greatest common divisor of o and 4?
4
Let f(p) = 8*p + 29. Let k = -8 + -8. Let g be f(k). Let b = -67 - g. What is the greatest common divisor of b and 48?
16
Let i = 414 + 382. Suppose 0 = 15*w + 316 - i. What is the greatest common divisor of 4 and w?
4
Suppose 8*k - 7*k - 118 = w, 3*k = -w + 334. Suppose -o - 2*l + 31 = 0, -2*o - 4*l = -7*o + k. What is the highest common factor of o and 200?
25
Let h(j) = j**3 + 2*j**2 - 4*j + 9. Let o be h(-3). Calculate the highest common factor of o and 588.
12
Let h = 60 + -40. Suppose 6*o = o - h. Let s be ((-1)/2)/(2/o). What is the greatest common divisor of 11 and s?
1
Let q = -673 - -679. Suppose 712 = 2*s + 2*s. Suppose 3*g + 4*n - s = 0, n - 51 = -g - 2*n. Calculate the greatest common factor of q and g.
6
Let l(f) be the second derivative of -3*f**2 + 0 + 1/4*f**4 + 5/3*f**3 - 1/20*f**5 + 9*f. Let u be l(4). What is the greatest common divisor of 27 and u?
9
Suppose -17*c + 145 = -93. Let h(d) = 7*d. Let y be h(5). What is the highest common divisor of c and y?
7
Let r = 93 - 61. What is the greatest common factor of 48 and r?
16
Suppose -2*l = -3 + 61. Let g = -7 - l. Let y(i) = 3*i**3 - 2*i**2 + 2*i - 3. Let u be y(3). Calculate the greatest common factor of g and u.
22
Suppose 5*p - 4 = 21. Suppose 3*c - 85 = -p*b + c, 5*c + 20 = 3*b. Suppose 697 = 38*x + 127. Calculate the highest common divisor of x and b.
15
Suppose -32 = -4*w + 48. Let n = w + -10. Suppose 0 = -5*s + 125 + 25. Calculate the greatest common factor of n and s.
10
Let w = 33 - 29. Let k = 20 + w. Calculate the greatest common divisor of k and 3.
3
Suppose 0 = -24*n - 336 + 456. What is the greatest common factor of 1945 and n?
5
Let x be 2/3 + 89/(-3). Let i be ((-3)/(-6) - -1)*(-4)/6. Let p be i - (3 + -5) - x. Calculate the highest common factor of p and 15.
15
Let n be (366/24)/((15/20)/3). Calculate the highest common divisor of 488 and n.
61
Suppose -10324 = -60*z + 31*z. Calculate the highest common factor of z and 623.
89
Let j(c) = 2*c**2 + c - 25. Let t be j(-5). Calculate the greatest common divisor of 8 and t.
4
Suppose 238 = -6*s + 1120. What is the highest common divisor of 21 and s?
21
Let m be (-4)/18 + (9528/(-27))/(-4). Calculate the greatest common factor of 11 and m.
11
Let j = -1785 + 2565. Calculate the greatest common divisor of 24 and j.
12
Let n(l) = l**2 + 8*l - 7. Let t be n(-9). Let i be -3 - 76/(-8)*t. What is the greatest common factor of i and 64?
16
Let w(s) = -s**2 - 19*s + 32. Let u be w(-16). Calculate the greatest common factor of 110 and u.
10
Suppose 0*o + o = 9. Let f(m) be the first derivative of -m**3/3 - 21*m**2